Let m = -79942 - -139130. Suppose 0 = -22*x - m + 478112. Is x prime?
False
Suppose -7*r + 55*z = 57*z + 2094086 - 8563444, 0 = 3*z. Is r a prime number?
False
Suppose 0 = -5*a + 6*a - 6. Suppose -a*z = -z - 25. Suppose -4*o = -z*m + 257 + 10, 0 = -5*m - 4*o + 283. Is m prime?
False
Let v = 8099 - 7995. Let k be (-202)/((-2)/1 - 0). Suppose k*s = v*s - 2763. Is s composite?
True
Let a be (1/(-4)*4)/(1/(-5)). Suppose 0 = -d - 3, -2*q = 2*d - a*d - 17. Suppose 4*x + w - 767 = 0, q*w - 85 = -x + 118. Is x a composite number?
False
Suppose -22 = -3*c + 8. Suppose 2*w - 258 = 2*v, -5*v - 227*w + 224*w = 613. Is ((-1384)/c)/(50/v) composite?
True
Suppose -4*h + 5688 + 9228 = 0. Let j = 7156 - h. Is j a prime number?
False
Suppose 29*q = 22*q + 7. Let y be 303/27 - ((-40)/(-36))/5. Is y/(55/1120) + (q - 2) a prime number?
True
Suppose 544182 + 1776201 = 39*i. Is i prime?
True
Let o(x) = -x + 40. Let f be o(20). Suppose -f = 5*j - 60. Is ((-2)/j)/(1/(-2228)) composite?
False
Let i be 5/10 - 6/(-4). Suppose 0 = 5*w - 5*g - 35, w + 10 = -i*g + 2. Suppose 289 = w*h - 5*u, -4*h + 67 = 2*u - 571. Is h a composite number?
False
Let w(m) = -51*m**2 - 9*m - 2. Let t be w(7). Let v = 6395 + t. Is v prime?
False
Suppose 25*d - 82730 = 68704 + 441541. Is d prime?
True
Let q = 28762 - 7064. Let z = q - 8463. Is z a composite number?
True
Let v(b) = 86*b - 97. Let o be v(16). Suppose -221 = 2*k + 4*p - o, -4*p - 2673 = -5*k. Is k a prime number?
False
Suppose 0 = 68*p - 99338 - 811658. Is p a prime number?
True
Let l be ((-90)/(-50))/((-2)/(-10)). Is -3*((-2001)/l + 0) composite?
True
Suppose 635404 = 14*o - 353542. Is o a prime number?
True
Suppose -27 + 39 = 3*y. Suppose -2*u + 854 = -y*d, 5*d + u = 4*d - 215. Let x = d - -401. Is x prime?
False
Suppose 0 = 3*p - 3384 - 762. Let w = 4431 - p. Is w a prime number?
True
Suppose d = 5*n + 93, -d = 4*d - 3*n - 399. Is d*28 + -24 + 19 a composite number?
False
Suppose 109 = 2*h + 17. Let m = h - 43. Suppose 4*y - 1784 = 4*c, m*y = 2*y - 2*c + 455. Is y a prime number?
True
Let v be 1*-28*92/8. Let d = 545 + v. Suppose 5*a - 4*r = d + 1251, 0 = -2*r + 8. Is a a prime number?
False
Let h be (-3 + (4 - 2))*-1567. Let f = -936 + h. Is f prime?
True
Suppose q - 24261 - 4076 = 0. Suppose -3223 = -40*u + q. Is u prime?
False
Let t be (10/(-30))/(1/(-18633)). Let f = t + -2270. Suppose -8*u = -u - f. Is u composite?
False
Let b be 12/(-30) - (-226)/(-10). Let o = b + 25. Suppose -2*t + 4*y = o*t - 1288, 3*t - 5*y = 972. Is t composite?
True
Suppose 7*o - 2752 = 3*o. Let p = 1041 - o. Suppose a = -2*z + p, 8*a = 2*z + 4*a - 378. Is z a composite number?
False
Let b(f) = -12*f**3 - f**2 + 12*f + 50. Let k be b(-8). Let g = k + -2091. Is g composite?
False
Is 0 + (-183924)/(-13) + -11 composite?
True
Let o(w) = 3211*w - 28. Is o(9) a prime number?
True
Let n = -7 - -67. Let t be (-1)/(-4) - n/(-16). Suppose t*h - 3381 = 2*s + 3*s, -s - 844 = -h. Is h a composite number?
False
Let l be 18/(-63) + (-74)/(-14). Suppose -4*c = -3*c - l. Suppose c*i + 89 - 1144 = 0. Is i a composite number?
False
Let o(m) = 302*m**3 + 8*m**2 + 37*m - 17. Is o(10) composite?
True
Let d = 22 - 6. Let x be (-52)/d - 7/(-28). Is -2 + -2 + 524 - x a prime number?
True
Is ((-630)/(-108))/(-35) - (4873370/(-12) + 3) prime?
False
Suppose 0 = 5*h + u + 6117, h + 2445 = -h - u. Let i = 971 - h. Is i prime?
False
Suppose 2*x - 3494859 = -5*m, -5*x + 2096942 = 4203*m - 4200*m. Is m composite?
True
Let i = -4907 - -12482. Let l = 17044 - i. Is l a composite number?
True
Let u be (4 - 1)*(-5935)/(-5). Suppose -3*m + 2*c + u = -2*m, 5*m - 17789 = 2*c. Is m prime?
True
Suppose 99933 = 16*k - 17523. Is k a composite number?
True
Suppose 83087 + 52189 = 12*p. Is p composite?
False
Let g(f) = 10*f + 15. Let r be g(10). Let p(i) = -125*i**3 - 2*i**2 + 1. Let c be p(-1). Let o = c + r. Is o prime?
True
Suppose 5*k + 10*k - 67860 = 0. Suppose 7*c = k + 215. Is c prime?
True
Let x be (-2)/8 - 147708/(-48). Suppose -v = 5*w - 33180, -4*v = w - x - 3559. Suppose -j + 13*j = w. Is j a composite number?
True
Let d be -3 - (-12 + (5 + 1 - 1)). Is (d - (-7329)/(-2))/(3/(-6)) prime?
True
Suppose -n - 17 + 21 = 0. Let u(i) = 722*i**2 + 5*i + 7. Is u(n) prime?
True
Suppose 2*o = m - 5694, 0*o + o + 2856 = 5*m. Let b = -1705 - o. Is b a prime number?
False
Let v be ((-12)/16*2)/(1/2). Let a(j) = -34*j**3 - 8*j + 7. Let s(g) = -35*g**3 + g**2 - 9*g + 7. Let z(x) = v*s(x) + 2*a(x). Is z(4) composite?
False
Let w(x) = -14*x - 45. Let y(u) = -u**3 - 13*u**2 - 22*u - 4. Let p be y(-11). Let s be w(p). Suppose -2182 - 733 = -s*v. Is v composite?
True
Suppose -4*r = -241*y + 246*y - 385453, -10 = -2*y. Is r a prime number?
False
Suppose 233*u - 44877222 = -u. Is u composite?
False
Suppose 0*s = -9*s + 99. Suppose 0 = m + s*m - 41196. Is m a prime number?
True
Is -4 - (-20)/6 - (-148390900)/177 prime?
False
Let v = 83 + -143. Let h = v - -63. Is (-3026)/(-10) + h/(-5) + 1 a composite number?
True
Suppose 204776 = a + l, 5*a - 2*l - 1432968 = -409053. Is a prime?
True
Suppose 2856178 + 1712641 = 42*n - 2564251. Is n composite?
True
Is (5/10*-13)/((-2 + -2)/147416) a prime number?
False
Let c be (-15)/20 - (-5 - 5/(-20)). Suppose -c*f = 2 + 6, 3*j = f + 24839. Is j composite?
True
Suppose 17653 = 5*x - 5*m + 598, -4*m - 17057 = -5*x. Is x composite?
False
Suppose 8 = 13*j - 18. Suppose 5 = -5*z - j*l - 1, -18 = 5*z - 4*l. Is 3 + z + -276*(-32)/6 prime?
False
Let b(d) = 44*d - 62. Let q = -429 - -434. Is b(q) a composite number?
True
Let d(b) = 3*b**2 - 1. Let f be d(1). Suppose -3*x = -y + 1037, 2*y + 4 - f = 0. Is x/(16/12 - 2) prime?
False
Suppose 0 = 31*c - 563186 - 417506 + 192579. Is c composite?
False
Let r = -3426 - -3911. Is r a prime number?
False
Let f be ((-2)/2)/((-2)/36). Let j be 39/(-3) + ((-87675)/(-7) - 14). Suppose f*z = j - 3768. Is z prime?
False
Is 467746/8 + (-25)/20*30/(-50) a prime number?
False
Let z(r) = 4*r - 22. Let f be z(6). Suppose b + 2*v = 751, -v + 807 + 692 = f*b. Is b composite?
True
Let n(k) = -1148*k - 1359. Is n(-31) prime?
False
Let a = 489 - 481. Is 378372/48 + 2/a prime?
True
Let z(h) = 6*h**3 - 2*h**2 + 2*h + 5. Let s = 17 - 16. Let a = s + 2. Is z(a) prime?
False
Suppose 0 = 4*k + 8, -2*u - 5*k = -935 - 893. Let h = u - -2335. Is h a prime number?
False
Suppose b = -5*d + 22, 2*d + 3*d - 10 = 5*b. Let s be 11/((-11)/(-2)) + 7578/b. Suppose -3*v + 1709 = -4*w, 5*v - 3*w - s = -939. Is v prime?
True
Let t = 549 + -521. Suppose -54310 = 18*i - t*i. Is i prime?
True
Let x(n) = -n**3 + n**2 + n + 1. Let u(j) = 3*j**3 - 20*j**2 - 31*j - 6. Let w(s) = -u(s) - 4*x(s). Is w(-12) composite?
True
Let i(d) = -d**3 - 6*d**2 + 2*d + 3. Let x = -32 - 5. Let s be (x + 30)*((0 - 0) + 1). Is i(s) a composite number?
True
Let k(v) = -24*v**3 + 25*v**2 - 5*v + 41. Is k(-14) prime?
True
Suppose -5*d - 2*x = -121, 4*d - 4*x - 108 = -0*d. Let y = d - 10. Is (-2)/(-3) - (-1625)/y a prime number?
True
Is (-91145)/(-35) - 60/(-70) prime?
False
Suppose -11*w = -5 - 6. Let f be 15 + 8/((-4)/w) + -1. Is (14/(-1))/(f/(-1662)) a prime number?
False
Let f(c) = -c**3 + 21*c**2 + 5*c + 38. Let l be 97/3*(-9)/(-3). Suppose 2*n + l = 5*p, -4*p + 3*p + 5*n + 1 = 0. Is f(p) prime?
False
Let d(q) be the first derivative of -q**4/4 - 19*q**3/3 + 29*q**2/2 - 17*q + 3421. Let c be (-23 - -1)/(-1 - -2). Is d(c) a composite number?
False
Let w(a) = -a**2 - 3*a + 14. Let f be w(-5). Suppose f*d = -v + 18136, -2*d + 3579 = 5*v - 5471. Is d a prime number?
False
Let g(t) = 377*t - 64. Let m = -110 - -147. Let a = m + -32. Is g(a) a prime number?
False
Let a(o) = 4*o**3 - 4*o**2 - 7*o + 8. Let b be a(4). Suppose -3*y = -3433 + b. Is y prime?
True
Is (7/140*-121955)/((-1)/4*1) a composite number?
False
Suppose -24*h - 145217 = -643577. Is h composite?
True
Suppose -142861 = -3*p - 4*n, 4*n - 11667 - 35956 = -p. Suppose 4*t - p = -5*k, k + t = -0*k + 9523. Is k a composite number?
True
Let i = -302553 + 643354. Is i a prime number?
True
Let v = -45 - -49. Let a = 7 + -2. Suppose -s = -a*w - 89, -v*s + w = 3*w - 444. Is s a composite number?
False
Suppose -3*a + j = -53, -a = 2*a - 2*j - 52. Suppose -a = 3*b + 150. Is ((-1399)/(-4))/((-14)/b) a composite number?
False
Let p = -90 - -82. Is p/6